 v(q) = 3*t(q) + 8*y(q). Give v(-3).
5
Let v be 15 - (8/4)/(-2). Suppose -8 = -4*l + v. Let m(g) = g**3 - 2*g**3 - 2*g - 4*g - 6 + 7*g**2. What is m(l)?
-6
Let z be (-7 - -9) + 2 - 1. Let c(k) = -2. Let b(x) = -x - 4. Let a(i) = -2*b(i) + 5*c(i). What is a(z)?
4
Let m(a) be the first derivative of a**3/3 - 3*a**2 - a - 2. Determine m(6).
-1
Let s(k) = k + 10 - 13 + 0*k. Let g be s(5). Let a(z) = z**2 + z - 1. Calculate a(g).
5
Let d(w) = -w**3 + 3*w**2 + w + 4. Suppose -5*u + 14 = -2*f, -3*f - 8 = f. Let c = u + 1. Let b be ((-4)/c - -2)*6. Determine d(b).
-8
Let d(s) = -s**2 + 6*s. Let t(x) = 5*x**2 - 24*x - 1. Let k(q) = -9*d(q) - 2*t(q). Let l be (6/(-8))/(2/16). Calculate k(l).
2
Suppose -30 = -7*a + 2*a. Suppose -5*x + a = -4. Let m(t) = t**2 - t - 1. Determine m(x).
1
Let x(y) be the third derivative of -y**6/120 + y**5/20 + y**4/8 + y**3/2 - 5*y**2. Give x(4).
-1
Let f(m) = -m - m**2 + m - m. Suppose 0 = -3*b + 4*i + 3, 5*b + i - 3 = 2. Let g = -3 + b. What is f(g)?
-2
Let f(j) = j + 18. Suppose 4*a + 127 = 83. Determine f(a).
7
Let d(h) be the third derivative of 5/24*h**4 - 2/3*h**3 + 2*h**2 - 1/60*h**5 + 0*h + 0. Give d(5).
-4
Let z(c) be the first derivative of -2*c**3/3 - c**2 + 3*c + 1. Give z(-3).
-9
Let a = 41 + -39. Let f(t) = 2*t**2 - 2*t + 1. Give f(a).
5
Let y(j) = -2*j + 9. Let h = 38 - 32. What is y(h)?
-3
Let s be -5*((-8)/(-5) + -2). Let p be 22/18 - s/9. Let x(h) = -2*h - 1 - h**2 + h + 0*h + 3*h. What is x(p)?
0
Let q(p) = -p**2 - 4*p - 1. Suppose 14*l + 9 = -47. What is q(l)?
-1
Let n be 4/(-6)*75/10. Let r = n + 8. Let i(k) = k + 2. Give i(r).
5
Let h be (-4)/(-6) - 4/(-12). Let k(t) = 2*t + 4 - 2 + h + 2. Suppose 2*n = -1 - 7. Give k(n).
-3
Let w be (-1)/6*-3*-2. Let g = 4 + w. Let q(a) = 3*a**2 + a**3 - g*a**2 + 2*a**2 - a. Calculate q(-2).
2
Let k(p) = -p + 6. Suppose -2*d - 4 + 24 = 0. Suppose 0 = n - 5*l - d - 0, -2*n - 4*l = 8. Calculate k(n).
6
Let v = -8 + 14. Let h(j) be the second derivative of -1/20*j**5 + 2*j + 1/2*j**4 + 0 + 0*j**3 - 2*j**2. Give h(v).
-4
Let f(c) = c**3 + 8*c**2 + 7*c - 3. Let k(i) = -i**3 - 9*i**2 - 8*i + 3. Let p(d) = 6*f(d) + 5*k(d). Suppose -4*y - 5*g = 7, -2*g - 3*g = -y - 8. What is p(y)?
-9
Suppose 4*j - 4*n + 20 = 0, 3*n = -j + 5*n - 10. Let l(a) = a**3 - a**2 + 3. Calculate l(j).
3
Let f = -38 - -33. Let r(b) = 2*b + 3. Give r(f).
-7
Let h(r) = -4*r**3 + 3*r**2 - 3*r - 10. Let s(j) = -3*j**3 + 4*j**2 - 2*j - 9. Let y(w) = 2*h(w) - 3*s(w). Suppose 80 = 2*k + 2*k. Let m = k - 14. What is y(m)?
7
Let l(o) = 2*o - 2. Suppose -4*f + 0*k - k + 22 = 0, -k - 23 = -5*f. What is l(f)?
8
Let f(k) = -3*k + 7. Let h(n) = -7*n + 15. Let o(j) = -5*f(j) + 2*h(j). Suppose -x = -0 - 8. What is o(x)?
3
Let w(z) = -3*z - 2*z + 3 + 4*z + 11. What is w(0)?
14
Let m(b) = b**2 + 6*b + 1. Let g be 3*3/(-11 - -2). Let v = 2 + g. Suppose -v = -3*f + 4*z - 2, 5*f - 2*z + 11 = 0. Determine m(f).
-8
Let a(o) = 3*o + 10. Let j(r) = -r - 5. Let y(v) = 2*a(v) + 5*j(v). Let f = -16 - -22. What is y(f)?
1
Suppose 0 = n - 4. Suppose 0 = n*h - 8 + 28. Let c(l) be the second derivative of l**3/3 + 5*l**2/2 + l. Determine c(h).
-5
Let a(i) = -3*i + 17. Let b be a(8). Let t(m) be the second derivative of m**5/20 + 2*m**4/3 + 4*m**3/3 + 5*m**2/2 - m. Calculate t(b).
-2
Let b(g) = -5*g + 7. Let w(t) = -t + 1. Let d(q) = b(q) - 6*w(q). Let i be d(5). Let h(n) = 2*n - 7. Calculate h(i).
5
Let t(o) = -4*o**2 - o - 2. Let w(s) = 17*s**2 + 4*s + 9. Let n(h) = 26*t(h) + 6*w(h). Determine n(-2).
-2
Let s(c) = c**2 + 5*c + 10. Suppose -4*q - 4*y + 2*y - 18 = 0, -13 = 4*q + 3*y. What is s(q)?
24
Let d(i) = 15*i**2 - 6 + 1 + 4. Determine d(1).
14
Let n(u) be the first derivative of u**4/4 - 4*u**3/3 - u**2/2 + u - 18. Let y = 7 + -3. Determine n(y).
-3
Let r be (-69)/(-15) + (-2)/(-5). Let p(f) = f - 2. Let q(y) be the first derivative of 5*y**2/2 - 11*y - 2. Let d(g) = -11*p(g) + 2*q(g). Give d(r).
-5
Let t(o) = -o - 1. Let f be t(0). Let c(n) = -6*n. Let b be c(f). Let y(r) = 6*r - r**2 + 4 + 2 + 0*r**2. What is y(b)?
6
Let t = 25 + -44. Let s = t + 4. Let h be 0/2 - s/3. Let z(f) = -f + 7. Determine z(h).
2
Let o(n) be the second derivative of 0*n**4 + 3/2*n**2 - 1/3*n**3 - 1/60*n**5 + 2*n + 0. Let x(f) be the first derivative of o(f). What is x(-2)?
-6
Suppose -z - z = -4. Suppose -9 = -z*y - 3. Suppose 4*x = x + j + 13, -4*j = y*x - 8. Let f(p) = -p - 1. Give f(x).
-5
Let n(q) be the first derivative of 4*q**3 + q**2/2 + q + 1. Suppose -2 = -4*a - 3*t, 4*t = -5*a + 2 + 1. What is n(a)?
12
Let r(q) = q - 1. Let j be r(9). Let i(k) = -k**2 + 7*k + 8. Let p be i(j). Let n(g) be the third derivative of g**4/24 + g**3/3 + g**2. Determine n(p).
2
Let p(o) = o**3 + 3*o**2 - 1 - 2*o**2 + 3*o + 4*o**2 - 10*o. Suppose -19 = 5*g + 11. Determine p(g).
5
Suppose -3*x = -6*x + 18. Let m(i) = -x*i**2 + 0*i**2 + 0*i**2 - 1 + 7*i**2. Calculate m(1).
0
Let u(w) = 3*w**2 + w. Suppose -2 - 2 = g. Let s(l) = -l - 5. Let p be s(g). Give u(p).
2
Suppose -2*c = -4*c + 2*z + 10, -2*c + 16 = -5*z. Let u be (-2)/(0 + 2)*0. Let v(f) = f + f + u*f. Determine v(c).
6
Suppose -6 = -f - 2*f. Let n(b) = -3*b + 6 - 3*b**f + b**3 - 3*b**2 + b**2. Give n(5).
-9
Let y(z) be the first derivative of z**2/2 + 4*z + 1. Let a(k) be the first derivative of -k**2/2 - 9*k - 6. Let b(f) = -2*a(f) - 5*y(f). Give b(-2).
4
Let w(p) be the third derivative of p**6/120 - p**5/12 + p**3/2 - 5*p**2. What is w(4)?
-13
Let s(n) = 4*n**2 - 8*n + 7. Let o(u) = -5*u**2 + 9*u - 8. Suppose -3 = -3*w + 3. Suppose -1 = -d + w. Let f(h) = d*o(h) + 4*s(h). Determine f(5).
4
Let c(h) be the first derivative of 1 - 7/2*h**2 + 5*h + 1/3*h**3. What is c(6)?
-1
Let c be (-25)/(-10)*(4 - 6). Let t(a) = -a**3 - 4*a**2 + 6*a + 6. Give t(c).
1
Suppose 3*a - 14 = s, -2 = s - 0*s. Let h(q) = -2*q**2 - 7*q + 2 + q**2 + 3*q + 8*q. Determine h(a).
2
Let o(g) = -5*g**2 - 5*g - 1. Let s(n) = 6*n**2 + 5*n + 1. Let k(l) = -7*o(l) - 6*s(l). Determine k(3).
7
Let r(v) = v**3 - v**2 - v + 7. Let z(u) be the third derivative of u**6/120 - u**4/24 - u**2. Let q be (-2)/6 - 4/(-12). Let p be z(q). What is r(p)?
7
Let y(g) = g - 7. Let u = 10 + -7. Let t(l) = l**3 - 2*l**2 - 3*l + 6. Let m be t(u). Calculate y(m).
-1
Suppose -3*j - 3*l = -18, 4*j - l - 39 = -0*l. Let q = j + -4. Let n(y) = -6 - 2*y - q*y + 5*y + y. Calculate n(-5).
-1
Let w(i) = -3*i**2 - i. Let j = 4 - 5. Let s(y) = y**3 + y**2 + y. Let z be s(j). Let k be w(z). Let b(v) = v**2 + 2*v + 1. What is b(k)?
1
Let l(a) = a - 8. Suppose 90 = -11*g - 4*g. What is l(g)?
-14
Let x(k) = -2*k + 15. Let r be x(6). Let t(f) = -3*f + 1. Calculate t(r).
-8
Let o(b) = 2 - 9 + 0 - b. Let i(c) = c**3 + 2*c**2 - c - 2. Let r be i(-2). Give o(r).
-7
Let f(b) = -b - 9. Let t be (-5 - -2) + 1*-4. What is f(t)?
-2
Let o be (-1 - 1) + 5 + -5. Let u be (-64)/(-10) + (-2)/5. Let x(r) = r - u*r + r + r. Calculate x(o).
6
Let w(s) = 2*s - 1. Let k(d) = 3*d + 2. Let j(x) = -k(x) + w(x). What is j(-10)?
7
Let b(r) be the second derivative of 0 - 6*r - 3/2*r**2 - 4/3*r**3. Give b(-2).
13
Let p(d) be the third derivative of d**5/60 - d**4/8 - d**3/3 - 15*d**2. Give p(-2).
8
Let o(s) = s**2 - s. Let r(z) = -4*z**2 + 12*z - 1. Let p(a) = 3*o(a) + r(a). Calculate p(8).
7
Let b(k) = -k**3 + 6*k**2 + 7*k - 2. Let t be 9/(-15) - 108/(-5). Suppose -4*z + z + t = 0. Determine b(z).
-2
Let k = 5 - 6. Let g be -1*-3*(-1)/k. Let z(a) = 3*a - a**3 - a**3 + 1 + a**2 + a**3. Give z(g).
-8
Let o(y) = -6*y**2 + 14*y - 10. Let j(w) = w**2 - 3*w + 2. Let p(x) = 11*j(x) + 2*o(x). Determine p(-5).
2
Let c = 6 - 6. Let n(i) = 2 - 3 + 6*i + c. Calculate n(-1).
-7
Let z(y) = 4*y - 2. Let u(l) = l**2 - 7*l - 10. Let j be u(8). Calculate z(j).
-10
Let k(t) = 7 + 7*t + 8*t - 24*t + 11*t. Give k(-6).
-5
Let t(o) = 4 - 4 + 10*o + 0*o - 1. Give t(-1).
-11
Let b(p) = p - 10. Suppose 6*x - 30 = 2*x + 2*u, -5*u + 75 = 5*x. Let v be b(x). Let g(r) = r + 1. Let h(y) = -3*y - 10. Let l(j) = 4*g(j) + h(j). Give l(v).
-6
Let k(i) = i + 2. Let q be k(-2). Suppose q = 7*a - 3*a - 20. Let n(g) = -g**2 + 5*g + 4. Give n(a).
4
Suppose 0 = -2*y - 5*s - 11, 0*y + 4*s = y - 27. Suppose q + 0*q = y. Let o = q + -4. Let n(w) = w**3 - 4*w**2 + w + 2. Determine n(o).
-4
Let y = -281 - -286. Let a(x) be the third deriva